{"id":161,"date":"2022-11-06T15:57:00","date_gmt":"2022-11-06T14:57:00","guid":{"rendered":"http:\/\/217.160.255.34\/?page_id=161"},"modified":"2022-11-06T15:57:00","modified_gmt":"2022-11-06T14:57:00","slug":"der-englandorden","status":"publish","type":"page","link":"http:\/\/schaengelcher.de\/index.php\/der-englandorden\/","title":{"rendered":"Der Englandorden"},"content":{"rendered":"<p>Die Geschichte des Englandordens und der Deutsch-Englischen Freundschaft k\u00f6nnen sie HIER nachlesen.<\/p>\n<p>In den Anfangsjahren wurde festgelegt, dass der Englandorden in jedem Jahr an sechs um die deutsch-englische Freundschaft verdiente Personen verliehen werden soll. Je drei auf englischer und drei auf deutscher Seite.<\/p>\n<p>Aufgrund der heutigen Situation der Deutsch-Englischen Freundschaft (den Deutsch-Englischen Freundschaftskreis gibt es nicht mehr), wird dieser besondere Orden nur noch bei Bedarf vergeben. Die Maximalzahl von sechs pro Jahr (Drei pro Nation) wird nicht \u00fcberschritten.<\/p>\n<h2>Entworfen wurde diese besondere Auszeichnung von Willi Weis.<\/h2>\n<p>Die Gesamt\u00fcbersicht ist z.Zt. in Arbeit und wird stetig vervollst\u00e4ndigt.<br \/>\nWir bitten um Verst\u00e4ndnis.<\/p>\n<p>2004 wurde die alte Tradition der Verleihung des Englandordens wieder aufgenommen.<br \/>\nWir wollen auf in diesem Bereich die Tr\u00e4ger ein wenig vorstellen.<\/p>\n<div class=\"su-spoiler su-spoiler-style-fancy su-spoiler-icon-arrow-circle-1 su-spoiler-closed\" data-scroll-offset=\"0\" data-anchor-in-url=\"no\"><div class=\"su-spoiler-title\" tabindex=\"0\" role=\"button\"><span class=\"su-spoiler-icon\"><\/span>Englandorden 2004<\/div><div class=\"su-spoiler-content su-u-clearfix su-u-trim\">\n<p><img loading=\"lazy\" decoding=\"async\" class=\"alignnone size-full wp-image-1148\" src=\"http:\/\/www.schaengelcher.de\/wp-content\/uploads\/2016\/07\/englandordenkh_184.jpg\" alt=\"englandordenkh_184\" width=\"184\" height=\"219\" \/><\/p>\n<p><strong>Karlheinz Weitz<\/strong><\/p>\n<p>1. Vorsitzender der KKG Rot-Wei\u00df-Gr\u00fcn seit 2006<br \/>\nProjektverantwortlicher der Gesellschaft f\u00fcr die Deutsch-Englische Freundschaft f\u00fcr die Durchf\u00fchrung der Vereinstouren.<\/p>\n<p><img loading=\"lazy\" decoding=\"async\" class=\"alignnone size-medium wp-image-1149\" src=\"http:\/\/www.schaengelcher.de\/wp-content\/uploads\/2016\/07\/englandordenvl_184.jpg\" alt=\"englandordenvl_184\" width=\"184\" height=\"219\" \/><\/p>\n<p><strong>Varity Loyd<\/strong><\/p>\n<p>Queen of Carnival der Hornsey Carnival Assosiation 2004<br \/>\nQueen of Queens des Londoner Carnival 2005<\/p>\n<\/div><\/div>\n<div class=\"su-spoiler su-spoiler-style-fancy su-spoiler-icon-arrow-circle-1 su-spoiler-closed\" data-scroll-offset=\"0\" data-anchor-in-url=\"no\"><div class=\"su-spoiler-title\" tabindex=\"0\" role=\"button\"><span class=\"su-spoiler-icon\"><\/span>Englandorden 2007<\/div><div class=\"su-spoiler-content su-u-clearfix su-u-trim\">\n<p><img loading=\"lazy\" decoding=\"async\" class=\"alignnone size-full wp-image-1150\" src=\"http:\/\/www.schaengelcher.de\/wp-content\/uploads\/2016\/07\/englandorden_2007anjajohann_184.jpg\" alt=\"englandorden_2007anjajohann_184\" width=\"184\" height=\"219\" \/><\/p>\n<p><strong>Anja Johann<\/strong><\/p>\n<p>u.a. Trainerin der Garde.<br \/>\nAufgrund ihrer guten Englischkenntnisse auch immer Ansprechpartner unserer englischen G\u00e4ste.<br \/>\nIn jedem Jahr nimmt auch sie unsere englischen Freunde in ihrem Haus auf.<\/p>\n<p><img loading=\"lazy\" decoding=\"async\" class=\"alignnone size-medium wp-image-1151\" src=\"http:\/\/www.schaengelcher.de\/wp-content\/uploads\/2016\/07\/englandorden_2007marianneweitz_184.jpg\" alt=\"englandorden_2007marianneweitz_184\" width=\"184\" height=\"219\" \/><\/p>\n<p><strong>Marianne Weitz<\/strong><\/p>\n<p>Die gute Seele der Gesellschaft<br \/>\nAufgrund ihrer sehr guten Englischkenntnisse k\u00fcmmert sie sich um unsere englischen G\u00e4ste und nimmt diese auch als G\u00e4ste in ihrem Haus auf.<\/p>\n<p><img loading=\"lazy\" decoding=\"async\" class=\"alignnone size-medium wp-image-1152\" src=\"http:\/\/www.schaengelcher.de\/wp-content\/uploads\/2016\/07\/englandorden_2007petermille_184.jpg\" alt=\"englandorden_2007petermille_184\" width=\"184\" height=\"219\" \/><\/p>\n<p><strong>Peter\u00a0Mille<\/strong><\/p>\n<p>Schatzmeister der Gesellschaft.<br \/>\nImmer wenn Not am Mann ist unterst\u00fctzt Peter. Insbesondere f\u00fcr Personenbef\u00f6rderungen und Begleitung unserer englischen Freunde ist er immer zu begeistern.<\/p>\n<p><img loading=\"lazy\" decoding=\"async\" class=\"alignnone size-medium wp-image-1153\" src=\"http:\/\/www.schaengelcher.de\/wp-content\/uploads\/2016\/07\/englandorden_2007willow_184.jpg\" alt=\"englandorden_2007willow_184\" width=\"184\" height=\"219\" \/><\/p>\n<p><strong>Willow Handyside<\/strong><\/p>\n<p>Z.Zt. Carnival Princess der Hornsey Carnival Association<br \/>\nSie begleitet den Chairman (1.Vorsitzender) Gordon Rathbone bereits zum dritten mal nach Deutschland um hier den Englischen &#8222;Carnival&#8220; zu repr\u00e4sentieren.<\/p>\n<\/div><\/div>\n","protected":false},"excerpt":{"rendered":"<p>Die Geschichte des Englandordens und der Deutsch-Englischen Freundschaft k\u00f6nnen sie HIER nachlesen. In den Anfangsjahren wurde festgelegt, dass der Englandorden in jedem Jahr [&hellip;]<\/p>\n","protected":false},"author":1,"featured_media":0,"parent":0,"menu_order":0,"comment_status":"closed","ping_status":"closed","template":"","meta":{"footnotes":""},"class_list":["post-161","page","type-page","status-publish","hentry"],"_links":{"self":[{"href":"http:\/\/schaengelcher.de\/index.php\/wp-json\/wp\/v2\/pages\/161","targetHints":{"allow":["GET"]}}],"collection":[{"href":"http:\/\/schaengelcher.de\/index.php\/wp-json\/wp\/v2\/pages"}],"about":[{"href":"http:\/\/schaengelcher.de\/index.php\/wp-json\/wp\/v2\/types\/page"}],"author":[{"embeddable":true,"href":"http:\/\/schaengelcher.de\/index.php\/wp-json\/wp\/v2\/users\/1"}],"replies":[{"embeddable":true,"href":"http:\/\/schaengelcher.de\/index.php\/wp-json\/wp\/v2\/comments?post=161"}],"version-history":[{"count":2,"href":"http:\/\/schaengelcher.de\/index.php\/wp-json\/wp\/v2\/pages\/161\/revisions"}],"predecessor-version":[{"id":164,"href":"http:\/\/schaengelcher.de\/index.php\/wp-json\/wp\/v2\/pages\/161\/revisions\/164"}],"wp:attachment":[{"href":"http:\/\/schaengelcher.de\/index.php\/wp-json\/wp\/v2\/media?parent=161"}],"curies":[{"name":"wp","href":"https:\/\/api.w.org\/{rel}","templated":true}]}}